omposite number?
False
Suppose -8*w - 23 - 9 = 0. Let c be w/16 - (-18)/(-24). Is (-2 - 63/c)/((-2)/(-14)) composite?
True
Let n = 238 + -468. Let b = 1101 + n. Is b a prime number?
False
Let p(g) = 57110*g + 151. Is p(2) prime?
True
Suppose 432*o = 116*o + 169682204. Is o a composite number?
True
Suppose -8*g - 3*o = -4*g - 4051, -3038 = -3*g - 2*o. Let c = g - -411. Is c prime?
True
Let u = -62 - -68. Let i(r) = 172*r + 8. Let k be i(u). Suppose 5*w - 1044 = -4*t + w, 5*w = -4*t + k. Is t a composite number?
True
Let b be -2 - (-4 + (-12)/6). Suppose t - 311 = 3*u, t + b*u - 319 = -u. Is t a composite number?
True
Suppose 602026 = 3*a - 31535. Suppose -2*d + a = 5*k, -24*k + 19*k = -4*d - 211211. Is k a prime number?
True
Let z(p) = -51*p**3 + 22*p**2 + 32*p - 382. Is z(-24) a prime number?
False
Let o = 10 - 5. Suppose o*t = 2*t + 11295. Suppose 7605 = 4*v + 5*f, -2*v + 5*f + t = -0*v. Is v a prime number?
False
Let u = -147445 + 207324. Is u a composite number?
False
Suppose 125 = 8*r + 13. Suppose -r*h = -27*h + 241709. Is h a prime number?
True
Suppose -558677 = -4*l + 3*c, -4*c = -2*l + 248227 + 31099. Is l a composite number?
True
Is (506512/3)/4 + 220/(-660) prime?
True
Suppose 10*n = 7*n + 12. Suppose 5*q - n*q - 20095 = -5*g, -2*g - 2*q = -8038. Let t = -1410 + g. Is t a prime number?
True
Let s(i) = -6*i**3 - 27*i**2 + 468*i - 59. Is s(-30) composite?
False
Suppose 0*l + 2879170 = 9*l + l. Is l composite?
True
Is 274/(-4)*(-6 + 1/((-1)/88)) a composite number?
True
Suppose 3*x - 5*y - 16 = 14, 0 = x + 5*y + 10. Suppose -x*i + 2*d + 6236 = 0, 3*d - 15 = 8*d. Suppose 360 - i = -2*v. Is v a composite number?
False
Let z(c) = c**2 - 6*c - 4. Suppose 5*i - 5 + 24 = 2*r, -5*r - 3*i + 32 = 0. Let h be z(r). Is (33/(-6))/(h/(-78) - 0) prime?
False
Is -374086*(95/10 - 10) prime?
True
Suppose -5*u + 40*w + 1543201 = 36*w, w = -4*u + 1234586. Is u composite?
True
Is 2/((-8)/91510*(-425)/170) prime?
True
Suppose l = 18*l + 108103. Let b = l + 27448. Is b prime?
True
Let z(t) = t**3 + 6*t**2 + 5*t - 12. Let w(i) = i**2 - i + 1. Let a(u) = -5*w(u) - z(u). Let h be a(-11). Suppose h*q - 12*q + 6805 = 0. Is q prime?
True
Let x(g) = -83*g**3 + 19*g**2 + g + 34. Is x(-13) a composite number?
True
Let k(r) = -3 - 31*r + 30*r - 2. Let b be k(-7). Suppose -177 + 11 = -b*y. Is y composite?
False
Let h = -76 - -78. Is ((-10)/(-15))/(h/2103 + 0) composite?
False
Let p(q) = 4*q**2 + 12*q - 9. Let x be p(22). Let y = x + 1300. Is y a prime number?
True
Let v(y) = 263*y + 59. Let m(c) = -265*c - 60. Let z(k) = -3*m(k) - 4*v(k). Is z(-15) composite?
True
Let k(v) = 12*v**2 + 2*v - 1. Let n(o) = o**2 - 8*o - 2. Let w be n(0). Is k(w) composite?
False
Let h(w) = -w**2 - 10*w + 509. Let d be h(-28). Let z(k) = k - 1. Let x(a) = 33*a**2 - 7*a - 3. Let n(i) = x(i) - 5*z(i). Is n(d) a composite number?
True
Suppose -6*k = -4711 - 27281. Suppose -3213 = -5*u + k. Is u composite?
False
Let q = 3275 + 27482. Is q composite?
False
Is ((-34)/(-30) - 1/1) + (-119034482)/(-210) prime?
False
Is (5 - -1) + (-3 - -14714) a prime number?
True
Let j be 6/6*4/(16/3852). Suppose a - j = 76. Is a a composite number?
False
Let q = -38400 + 62694. Suppose 69624 - q = 15*t. Is t a prime number?
False
Suppose -19 = -b - 17. Suppose -5*k = b*w - 1274, 3*k - 215 = -w + 549. Suppose 4*f - k = 2*f. Is f composite?
False
Let h = 75 - 75. Suppose h = -2*i - k + 2, i - 3*k + 6 = -0. Suppose i = 8*u - 6*u - 254. Is u a composite number?
False
Let f(i) = i**3 + 5*i**2 + 2*i + 7. Let h be f(-5). Let z(c) be the second derivative of -7*c**3/2 - 4*c**2 - 36*c. Is z(h) composite?
True
Let u(t) = -18207*t - 3076. Is u(-13) a composite number?
True
Suppose 6*z = -44 + 86. Suppose -z*y - 17491 = 499. Let r = 4311 + y. Is r a prime number?
True
Let b(w) = -7*w**3 - 13*w**2 - 18*w - 22. Let z be b(-9). Suppose 2*j - 5*j + 6297 = -2*r, 4*r = 2*j - z. Is j prime?
False
Suppose -5*o + 8599 = -4651. Suppose -o = -5*x + 1080. Let k = x - -23. Is k prime?
True
Let f = 1001 - 602. Let j = f + -106. Is j a composite number?
False
Suppose 580*g - 579*g + 3*m = 780737, 3903805 = 5*g - 5*m. Is g prime?
False
Let r(s) = -13*s - 25. Let m(b) = b**3 + 6*b**2 - 4*b - 15. Let k be m(-7). Is r(k) prime?
True
Suppose -202*o + 199*o + 13203 = 0. Suppose 2*x - o = -5*m, 6*m - 7*m = 5*x - 11014. Is x composite?
False
Let n(a) = 7*a**3 + 5*a**2 - 211*a - 59. Is n(18) composite?
True
Suppose 34*v - 5*a - 47 = 36*v, -5*a = -5. Let m(h) = -43*h + 111. Is m(v) a composite number?
False
Let o be ((-2330)/(-15))/(((-2)/(-165))/1). Let i = o + -8280. Is i composite?
True
Let g = 29 - 24. Let i be 360/42 - g - 4/7. Suppose 3*n - 2*h = h + 3777, -i*n = 5*h - 3777. Is n a composite number?
False
Let k(o) = -2*o**2 - 30*o - 36. Let n be k(-14). Is (-424)/n + 0/(-2) a prime number?
True
Let x be (-12)/33*33/6. Let d(v) = v + 2. Let u be d(4). Is (52/x)/(u/(-123)) prime?
False
Let u = 16772 - 1888. Suppose 6*i = 43210 - u. Is i a prime number?
True
Suppose 35588 = 3*h - 4*r + 3059, -5*h = -3*r - 54226. Is h prime?
True
Let n be (-3)/(-2)*(-152)/(-114). Is (n + (-12681)/12)/(1/(-4)) a composite number?
False
Let d be 4/(-14) + 14/((-686)/(-357)). Let g(c) = -3*c - 36 - d*c**3 - 4*c + 3*c - c + 7*c**2. Is g(-7) a composite number?
True
Let k(s) = -216*s - 109. Let d = -57 - -31. Is k(d) a prime number?
True
Is (-225)/135 + 186844/6 a prime number?
True
Suppose 5*r + 20 = r. Let d be r*(-1821 + -1) + -1 - 4. Suppose 5*n - d = 2*i, -n - 3*i = -2*n + 1808. Is n a prime number?
True
Let o(q) = 182*q + 14. Suppose 55 = 5*g + 15. Let c be o(g). Let w = -991 + c. Is w prime?
True
Let q be -4 - 48/(-10)*(10 - 95). Suppose -3*l + 475 = -2*b, 0 = -4*b + l + 336 - 1271. Let t = b - q. Is t a prime number?
True
Is (-1578 + 40)*251/(-2) prime?
False
Let r(s) be the first derivative of -s**4/4 - 8*s**3/3 - 5*s**2/2 + 9*s - 11. Suppose -5*x - 132 = 7*x. Is r(x) composite?
True
Let y(v) = -562853*v + 950. Is y(-1) prime?
False
Let g(b) be the second derivative of -548*b**3/3 + 153*b**2/2 - 5*b + 1. Is g(-10) a composite number?
False
Suppose 4*c - 380*v - 763593 = -385*v, v + 954484 = 5*c. Is c a composite number?
True
Let g(t) = -t**3 + 7*t**2 - 2*t - 22. Let n be g(6). Suppose -3*o = 9, 0 = -n*u - 11*o + 15*o + 746. Is u a composite number?
False
Suppose -3416383 = -515*m + 468*m. Is m a composite number?
False
Suppose f - 4*f + 8*f - 96035 = 0. Is f a composite number?
False
Let o = 412374 + -125515. Is o a composite number?
False
Suppose 0 = 3*p - 5*y - 1380333, -920222 = -12*p + 10*p - 3*y. Is p prime?
True
Is 1*(-16)/((-112)/2594179) a composite number?
False
Suppose -3*a + 25877 = -t - 4*t, -4*a + t = -34531. Let d = 6159 - a. Let v = d + 6524. Is v prime?
True
Suppose -409608 - 111810 = -3*z + 3*c, 5*z = -3*c + 869014. Suppose 15*t - z = 22591. Is t a prime number?
True
Let n be 1 + 1 + -3 - -17. Let y(q) = 12*q - n*q - 21*q + 43. Is y(-10) prime?
True
Suppose 382*n - 299*n = 10997420 + 12060561. Is n a prime number?
False
Let q(g) be the third derivative of 12*g**5/5 + 5*g**4/24 + g**3/3 - 7*g**2 - 1. Let p be q(-1). Let m = 1402 + p. Is m composite?
False
Let u = 24029 - 4378. Is u a prime number?
False
Suppose s = 3*s - 3*h - 55258, 8 = -4*h. Suppose -13*c = -s + 4473. Is c composite?
True
Let h(r) = 92*r**3 - 235*r**2 + 8. Is h(13) a prime number?
False
Let y be (9/((-27)/2))/((-2)/27). Let r(o) = -20*o - 4. Let j be r(y). Let k = j - -351. Is k composite?
False
Suppose -3424 = 7*a + 12991. Let z = a + 4594. Is z a prime number?
False
Let j be 1 + (-10)/14 + 259545/77. Suppose -3*r + 5*y + j = 0, -733 - 368 = -r - 4*y. Is r a composite number?
False
Suppose -3*o + 0*o = -j + 59438, -19810 = o - j. Let q = o - -34797. Is q a prime number?
True
Let x = 284 + -281. Suppose 2*d = -x*j - j + 6298, d + 5*j - 3146 = 0. Is d a prime number?
False
Suppose 0 = 5*o - 5*y + 2992 + 3393, 0 = 3*o - 4*y + 3833. Let m = 17704 + o. Is m composite?
True
Let d be (-2)/8 - (-117)/52. Suppose -d*u + 3*o + 4 = 5*o, -u = -4*o - 2. Is 1823/10*u + (-14)/(-35) composite?
True
Let c = 32707 + -3698. Is c prime?
True
Let h be (-1 + -90173)*((-224)/24)/14. Suppose -9*m + 34501 = -h. Is m composite?
False
Suppose 2*x - 400226 = -2*u, -2*x = 771*u - 772*u - 400238. I